-8
Let o(l) = -2*l + 21. Give o(10).
1
Let q(i) = i**2 - 8*i + 1. Determine q(8).
1
Let s(b) = -b**2 - 7*b + 1. Determine s(-5).
11
Let j(s) = -2*s**3 - 2*s**2 - 2*s - 4. Calculate j(-5).
206
Let h(w) = -w**2 - w + 1. Give h(0).
1
Let h(s) = -s - 44. Give h(21).
-65
Let u(r) = r**3 + 5*r**2 + r + 14. Give u(-4).
26
Let k(b) = -b**3 - 3*b**2 + 2*b - 2. Calculate k(-4).
6
Let v(n) = n**3 - 4*n**2 - 2*n. Give v(4).
-8
Let u(j) = 5*j**3 - 4*j**2 - j + 1. Determine u(-1).
-7
Let h(f) = -f - 1. Calculate h(-4).
3
Let x(i) = -i**3 - 24*i**2 - 18*i + 72. Give x(-23).
-43
Let z(h) = -2*h**3 - 58*h**2 - 306*h + 45. What is z(-22)?
1
Let q(c) = -38*c. Determine q(-1).
38
Let w(y) = 44*y**3 - 5*y - 4. Determine w(-1).
-43
Let o(v) = 17*v**2 - 8*v - 11. What is o(-3)?
166
Let l(k) = -k**3 - 8*k**2 + 4*k - 16. Give l(-8).
-48
Let o(m) = 8*m - 5. What is o(2)?
11
Let c(t) = -15*t**2 + 20*t - 38. Determine c(2).
-58
Let j(q) = q**3 + 10*q**2 + 18*q + 15. What is j(-8)?
-1
Let y(q) = -q**2 - 16*q + 26. Give y(-14).
54
Let a(l) = -l**3 - 5*l**2 + 4*l + 2. What is a(-4)?
-30
Let n(w) = -10*w - 30. Determine n(-3).
0
Let d(o) = 18*o**3 - 2*o**2 - o + 2. Give d(1).
17
Let m(x) = 2*x**2 - 24*x - 11. What is m(8)?
-75
Let c(u) = 2*u - 7. What is c(-6)?
-19
Let k(w) = -4*w - 5. Calculate k(-4).
11
Let j(v) = -v**2 - 2*v - 9. Give j(0).
-9
Let z(v) = v**3 - 13*v**2 - v + 12. What is z(13)?
-1
Let x(n) = 16*n**3 - 2*n + 2. Calculate x(1).
16
Let j(y) = -37*y - 445. Give j(-12).
-1
Let w(k) = -5*k - 30. Calculate w(-5).
-5
Let k(u) = 6*u**2 - u - 26. Give k(0).
-26
Let g(w) = -3*w - 54. Calculate g(-17).
-3
Let d(f) = -10*f - 48. What is d(-6)?
12
Let v(a) = -a**3 + 8*a**2 + 12*a - 24. Calculate v(9).
3
Let a(y) = -y**3 + 6*y**2 + 2*y - 4. Give a(6).
8
Let r(v) = -2*v**2 + 31*v - 17. What is r(14)?
25
Let s(k) = -3*k + 7. Calculate s(-2).
13
Let j(u) = -u**3 + 17*u**2 - 17*u + 2. Determine j(16).
-14
Let k(l) = l**3 + 7*l**2 + 13*l + 6. Calculate k(-5).
-9
Let c(f) = 3*f + 29. Calculate c(-12).
-7
Let a(t) = 2*t**2 + 3*t - 7. Give a(5).
58
Let l(a) = 2*a - 26. Give l(0).
-26
Let i(k) = -k**3 - 14*k**2 + 31*k + 1. Give i(-16).
17
Let m(f) = f + 38. What is m(-14)?
24
Let p(j) = j**2 + 3*j - 24. Determine p(-7).
4
Let b(p) = -p**2 - 8*p - 6. Determine b(-9).
-15
Let k(o) = o + 10. What is k(-12)?
-2
Let l(g) = g**3 + 5*g**2 - 7*g - 8. Give l(-6).
-2
Let h(c) = -3*c + 7. Give h(2).
1
Let y(h) = -h**3 - 7*h**2 + 2*h + 10. Give y(-7).
-4
Let x(p) = -3*p - 43. Calculate x(-18).
11
Let a(d) = -2*d**2 + 7*d + 11. What is a(-2)?
-11
Let c(t) = t**2 + 9*t + 22. Calculate c(-6).
4
Let x(l) = -l**3 - 3*l**2 - l + 7. What is x(-5)?
62
Let j(u) = u**3 + 7*u**2 - 3*u - 6. Calculate j(-7).
15
Let p(z) = -z**2 - 12. Determine p(0).
-12
Let i(d) = 15*d + 7. Determine i(-4).
-53
Let b(m) = -m**2 - 24*m - 41. Calculate b(-22).
3
Let u(w) = w**3 + 5*w**2 - 8*w - 1. What is u(-6)?
11
Let i(u) = u**3 - 7*u**2 - 18*u + 1. Determine i(9).
1
Let c(m) = m**3 - 10*m**2 - 334*m - 47. Calculate c(24).
1
Let c(d) = -3*d + 31. Give c(9).
4
Let j(q) = q**3 - 10*q**2 + 17*q + 2. Give j(7).
-26
Let t(a) = -a**3 - 28*a**2 + 29*a - 7. Give t(-29).
-7
Let j(s) = s**2 - 10*s - 3. Give j(10).
-3
Let f(o) = 2*o**2 - 5*o - 17. Determine f(-3).
16
Let b(s) = 2*s + 6. Give b(-7).
-8
Let t(h) = 4*h**2 - 7*h - 6. Give t(-4).
86
Let p(i) = i**3 - 3*i**2 - 10*i - 10. What is p(5)?
-10
Let r(z) = z**3 - 17*z**2 - z - 3. What is r(17)?
-20
Let z(k) = -2*k - 25. Determine z(-11).
-3
Let d(b) = -5*b - 28. What is d(-12)?
32
Let s(p) = p**3 + 7*p**2 + 2*p - 14. Calculate s(-6).
10
Let v(q) = 6*q. What is v(1)?
6
Let h(r) = -r**3 - 9*r**2 - 6*r + 11. What is h(-8)?
-5
Let v(c) = -2*c**2 - 16*c + 17. Calculate v(-8).
17
Let n(o) = 9*o - 158. Give n(17).
-5
Let i(b) = 23*b + 104. Determine i(-4).
12
Let n(s) = s**3 - 7*s**2 - 101*s - 12. Calculate n(-7).
9
Let d(u) = -2*u**2 + 20*u - 38. Calculate d(2).
-6
Let y(m) = -m**3 + m**2 - m - 55. Calculate y(0).
-55
Let a(x) = -34*x - 232. Give a(-8).
40
Let o(d) = -3*d**2 - 43*d + 22. Calculate o(-15).
-8
Let b(l) = l**2 + 16*l - 15. What is b(-9)?
-78
Let y(j) = -2*j + 88. What is y(20)?
48
Let v(o) = o**2 - 32*o - 108. Give v(35).
-3
Let v(x) = -3*x - 10. Give v(10).
-40
Let v(o) = 66*o - 9. Give v(2).
123
Let k(j) = j**2 + 27*j + 5. Give k(-26).
-21
Let q(i) = -i**3 + 10*i**2 - 3. Determine q(5).
122
Let f(v) = 3*v**3 + 20*v**2 - 5*v + 4. Calculate f(-7).
-10
Let n(v) = -34*v - 59. What is n(2)?
-127
Let u(l) = -2*l - 11. Give u(-2).
-7
Let r(y) = y**2 + 9*y - 7. What is r(-9)?
-7
Let p(j) = -2*j**2 - 21*j + 20. Calculate p(-14).
-78
Let k(a) = -a**2 - 12*a + 17. Determine k(-11).
28
Let d(n) = n**3 + 25*n**2 - 2*n - 55. Determine d(-25).
-5
Let p(f) = 30*f**3 + f**2 - 2*f + 1. Determine p(1).
30
Let b(u) = -u**2 + 2*u + 57. Give b(11).
-42
Let x(t) = 7*t + 9. Give x(7).
58
Let b(w) = -w**3 - 4*w**2 + 3*w + 5. Give b(-5).
15
Let b(f) = -13*f - 22. Calculate b(-2).
4
Let x(z) = -z**2 + 13*z - 38. Give x(8).
2
Let i(y) = -y**3 - 7*y**2 + 10*y + 1. Determine i(-8).
-15
Let z(w) = -w**3 + 5*w**2 + 3*w + 3. Determine z(6).
-15
Let z(i) = -i**2 + 13*i - 22. Give z(9).
14
Let k(h) = h**3 - 12*h**2 - 6*h + 3. What is k(12)?
-69
Let n(g) = 11*g**3 + g**2 - g - 1. What is n(-1)?
-10
Let o(w) = -w - 1. Determine o(-7).
6
Let o(w) = -27*w + 377. Give o(14).
-1
Let m(l) = 27*l + 2. What is m(1)?
29
Let a(c) = 25*c + 454. Give a(-18).
4
Let s(x) = 15*x - 8. Determine s(8).
112
Let n(v) = -2*v**3 + 29*v**2 - 16*v + 26. Calculate n(14).
-2
Let d(q) = -2*q**2 - 24*q - 9. Calculate d(-11).
13
Let r(h) = 18*h - 17. Give r(-4).
-89
Let f(g) = -g**3 - 13*g**2 + 83*g + 250. Determine f(-17).
-5
Let m(z) = -z**3 - 47*z**2 - 133*z - 35. Determine m(-44).
9
Let n(v) = v**3 - 6*v**2 - 10*v + 8. Determine n(7).
-13
Let c(p) = -p**3 + 13*p**2 - 24*p + 25. What is c(11)?
3
Let p(m) = m**2 - 4*m - 76. Calculate p(11).
1
Let h(j) = 39*j + 35. Give h(-1).
-4
Let y(w) = -2*w - 26. Determine y(-17).
8
Let s(q) = 31*q - 16. Give s(4).
108
Let h(q) = q**3 + 5*q**2 - 59*q - 88. Determine h(-10).
2
Let k(a) = a + 9. Determine k(-9).
0
Let p(y) = -y**3 + 6*y**2 + 7*y - 7. Give p(7).
-7
Let x(q) = q**3 + 6*q**2 - 5*q - 24. Determine x(-6).
6
Let p(q) = -q**3 - 2*q**2 + 24*q + 11. Calculate p(-6).
11
Let w(v) = 2*v**3 - 12*v**2 + 3*v - 8. What is w(6)?
10
Let k(n) = -n**3 + 12*n**2 - 35*n - 6. Determine k(6).
0
Let o(m) = m**2 - 13*m - 10. Give o(14).
4
Let m(o) = 2*o**2 + 51*o + 319. Calculate m(-14).
-3
Let g(f) = f**3 + 4*f**2 - 11*f - 5. What is g(-6)?
-11
Let b(a) = a + 2. Calculate b(8).
10
Let a(u) = -2*u**2 - 13*u - 13. What is a(-4)?
7
Let l(c) = c - 9. Determine l(13).
4
Let o(v) = 16*v**2 - 10*v + 12. Determine o(3).
126
Let u(h) = 5*h - 53. Calculate u(8).
-13
Let a(u) = -u - 2. Calculate a(-5).
3
Let i(d) = 4*d - 1. Calculate i(-9).
-37
Let q(k) = 48*k**3 - 2*k**2 - 7*k - 5. Give q(-1).
-48
Let f(i) = -i**3 - 36*i**2 - 73*i - 170. Determine f(-34).
0
Let t(x) = x**2 + 17*x - 1. Calculate t(-16).
-17
Let o(w) = 6*w**3 + 2*w**2 + 10*w + 6. Determine o(-1).
-8
Let a(z) = 3*z**3 - 2*z**2 + 2. Give a(-1).
-3
Let t(p) = 51*p**3 + 2*p**2 - 3*p - 2. Give t(-1).
-48
Let h(l) = l**2 - l + 1. Determine h(-6).
43
Let n(p) = -4*p - 1. What is n(-5)?
19
Let u(a) = -15*a - 23. Determine u(-1).
-8
Let p(h) = 10*h + 2. Calculate p(-2).
-18
Let u(o) = o**2 - 6*o - 4. Calculate u(5).
-9
Let h(t) = -t - 22. Determine h(-15).
-7
Let b(q) = q. Calculate b(7).
7
Let t(o) = o**3 - 12*o**2 - 17*o + 25. Determine t(13).
-27
Let q(r) = -r**3 - 7*r**2 - 11*r + 3. Give q(-5).
8
Let j(f) = 21*f**3 - f**2 - 3*f - 3. Determine j(-1).
-22
Let m(j) = 20*j - 20. Determine m(6).
100
Let j(k) = -k**3 - 10*k**2 + 7*k + 54. Determine j(-11).
98
Let g(i) = -219*i - 1538. Give g(-7).
-5
Let f(i) = 19*i**3 - 2*i**2 - 3*i - 1. Calculate f(-1).
-19
Let n(l) = 7*l**3 + 2*l - 1. What is n(1)?
8
Let k(f) = f**2 - 2*f + 1. Give k(2).
1
Let n(v) = v**2 + 24*v + 10. What is n(-23)?
-13
Let r(j) = -3*j - 13. Determine r(-8).
11
Let i(c) = c**3 + 8*c**2 - 9*c - 16. Calculate i(-8).
56
Let n(q) = -4*q**2 + 4. Determine n(3).
-32
Let q(s) = -s**3 - 6*s**2 - 6*s - 21. Calculate q(-7).
70
Let c(x) = -x**2 + 28*x + 18. What is c(28)?
18
Let y(i) = -58*i + 